0 (base 12) in base 5?
-341
1101 (base 2) to base 11
12
39 (base 14) to base 10
51
Convert 0 (base 16) to base 8.
0
-31 (base 5) to base 6
-24
Convert 0 (base 4) to base 14.
0
Convert -39 (base 16) to base 10.
-57
Convert -3 (base 12) to base 2.
-11
Convert 52 (base 13) to base 14.
4b
Convert 201 (base 3) to base 14.
15
49 (base 15) to base 11
63
-15 (base 14) to base 15
-14
Convert 4 (base 7) to base 9.
4
240 (base 6) to base 14
6c
2 (base 15) to base 13
2
Convert -10 (base 11) to base 5.
-21
What is -342 (base 6) in base 7?
-251
-1 (base 12) to base 2
-1
Convert -1a (base 15) to base 9.
-27
What is 8 (base 13) in base 8?
10
Convert -3a (base 11) to base 13.
-34
-2 (base 10) to base 2
-10
Convert -2 (base 3) to base 6.
-2
-4c (base 15) to base 9
-80
What is 1d (base 15) in base 9?
31
Convert -5 (base 15) to base 7.
-5
2000 (base 3) to base 9
60
Convert -3 (base 7) to base 10.
-3
421 (base 5) to base 4
1233
What is -351 (base 7) in base 9?
-223
Convert 2000 (base 3) to base 8.
66
Convert -14 (base 16) to base 5.
-40
3 (base 5) to base 10
3
-200 (base 6) to base 13
-57
Convert -1 (base 11) to base 15.
-1
What is 5 (base 13) in base 14?
5
Convert -24 (base 6) to base 15.
-11
-5 (base 13) to base 14
-5
Convert -53 (base 16) to base 7.
-146
What is 270 (base 9) in base 16?
e1
-4 (base 6) to base 8
-4
What is -5 (base 16) in base 14?
-5
What is -95 (base 12) in base 11?
-a3
What is 3c (base 15) in base 4?
321
Convert 141 (base 5) to base 3.
1201
What is -27 (base 16) in base 2?
-100111
Convert -7 (base 14) to base 10.
-7
0 (base 11) to base 5
0
-3 (base 16) to base 13
-3
-3 (base 9) to base 12
-3
Convert 11 (base 8) to base 11.
9
Convert -2 (base 5) to base 10.
-2
Convert -6 (base 9) to base 7.
-6
Convert 38 (base 12) to base 11.
40
3 (base 5) to base 4
3
Convert -211 (base 5) to base 2.
-111000
What is -2 (base 8) in base 12?
-2
1 (base 3) to base 9
1
Convert 4 (base 10) to base 11.
4
Convert 84 (base 11) to base 14.
68
0 (base 9) to base 15
0
Convert 8 (base 13) to base 11.
8
Convert 67 (base 16) to base 8.
147
What is 2 (base 11) in base 13?
2
-1 (base 15) to base 5
-1
What is -3 (base 7) in base 10?
-3
What is 123 (base 6) in base 7?
102
-12 (base 11) to base 5
-23
Convert 201 (base 4) to base 11.
30
What is 34 (base 11) in base 12?
31
4 (base 9) to base 8
4
What is -20 (base 4) in base 8?
-10
Convert -10110 (base 2) to base 6.
-34
What is -2 (base 14) in base 6?
-2
Convert 50 (base 11) to base 2.
110111
Convert -31 (base 5) to base 7.
-22
What is 12 (base 12) in base 16?
e
-85 (base 14) to base 3
-11100
Convert 43 (base 5) to base 9.
25
Convert 3 (base 7) to base 2.
11
-3102 (base 4) to base 13
-132
Convert -1001 (base 4) to base 2.
-1000001
3 (base 13) to base 15
3
c8 (base 16) to base 3
21102
What is -200 (base 12) in base 2?
-100100000
What is -122 (base 3) in base 11?
-16
-a (base 14) to base 8
-12
What is -31 (base 6) in base 8?
-23
2 (base 7) to base 13
2
What is 5 (base 8) in base 12?
5
What is -3 (base 7) in base 3?
-10
What is -11 (base 11) in base 10?
-12
What is 53 (base 9) in base 7?
66
What is 2 (base 15) in base 11?
2
What is -1 (base 13) in base 7?
-1
What is 101 (base 2) in base 5?
10
-12 (base 16) to base 14
-14
What is -1110 (base 2) in base 11?
-13
What is 0 (base 16) in base 9?
0
Convert 21 (base 10) to base 12.
19
What is 1112 (base 6) in base 14?
148
What is -6 (base 16) in base 4?
-12
Convert -5 (base 14) to base 2.
-101
330 (base 6) to base 2
1111110
110 (base 2) to base 12
6
What is 10 (base 4) in base 10?
4
What is -5 (base 16) in base 7?
-5
5 (base 11) to base 16
5
Convert 112 (base 4) to base 12.
1a
What is -2020 (base 3) in base 10?
-60
Convert -32 (base 6) to base 9.
-22
What is -2 (base 14) in base 11?
-2
What is 2 (base 4) in base 2?
10
What is 52 (base 16) in base 7?
145
Convert -11 (base 5) to base 3.
-20
-12 (base 3) to base 2
-101
12 (base 4) to base 6
10
-262 (base 7) to base 8
-216
What is -21 (base 7) in base 8?
-17
-24 (base 10) to base 7
-33
Convert 17 (base 16) to base 8.
27
What is -20 (base 10) in base 5?
-40
Convert -211 (base 4) to base 10.
-37
What is -1 (base 3) in base 12?
-1
Convert -444 (base 7) to base 9.
-273
What is 4 (base 13) in base 5?
4
What is -115 (base 6) in base 14?
-35
What is -2 (base 15) in base 6?
-2
Convert 22 (base 8) to base 5.
33
-12 (base 16) to base 9
-20
What is 110101 (base 2) in base 16?
35
29 (base 12) to base 16
21
3a (base 12) to base 3
1201
Convert 134 (base 5) to base 3.
1122
Convert 0 (base 16) to base 15.
0
What is a (base 11) in base 13?
a
What is 3 (base 10) in base 8?
3
Convert 27 (base 9) to base 13.
1c
Convert -5 (base 12) to base 14.
-5
-63 (base 15) to base 12
-79
What is -3 (base 4) in base 3?
-10
25 (base 12) to base 13
23
12 (base 6) to base 8
10
What is 1 (base 7) in base 2?
1
Convert 102 (base 4) to base 3.
200
204 (base 8) to base 9
156
12 (base 3) to base 13
5
Convert 4 (base 14) to base 10.
4
-3 (base 14) to base 7
-3
What is -100 (base 3) in base 16?
-9
What is -2 (base 9) in base 13?
-2
-2 (base 14) to base 11
-2
What is 3 (base 11) in base 2?
11
What is 60 (base 15) in base 10?
90
432 (base 7) to base 15
e9
Convert b (base 16) to base 6.
15
0 (base 6) to base 12
0
What is -23 (base 10) in base 13?
-1a
What is 5 (base 13) in base 11?
5
0 (base 14) to base 10
0
Convert 7 (base 16) to base 5.
12
Convert 0 (base 4) to base 3.
0
257 (base 8) to base 16
af
10 (base 5) to base 16
5
What is 5 (base 12) in base 15?
5
1 (base 7) to base 14
1
What is 14 (base 5) in base 15?
9
-82 (base 14) to base 9
-136
208 (base 12) to base 6
1212
Convert 2021 (base 3) to base 7.
115
What is -4e (base 15) in base 13?
-59
Convert -12 (base 6) to base 7.
-11
Convert -1 (base 10) to base 3.
-1
What is -110222 (base 3) in base 13?
-20c
Convert 1212 (base 4) to base 5.
402
What is -167 (base 13) in base 4?
-3332
-3 (base 6) to base 13
-3
Convert 41 (base 10) to base 11.
38
What is 4 (base 12) in base 7?
4
-3 (base 15) to base 11
-3
Convert 5 (base 12) to base 16.
5
What is -405 (base 6) in base 16?
-95
Convert -13 (base 9) to base 14.
-c
What is -164 (base 8) in base 5?
-431
-4 (base 5) to base 2
-100
What is 2 (base 4) in base 9?
2
What is -22 (base 15) in base 10?
-32
-1021 (base 3) to base 15
-24
What is -4 (base 13) in base 11?
-4
-3 (base 14) to base 11
-3
Convert -3 (base 10) to base 14.
-3
What is 4 (base 12) in base 2?
100
Convert -44 (base 14) to base 13.
-48
Convert -8b (base 12) to base 11.
-98
30 (base 15) to base 16
2d
Convert 65 (base 11) to base 7.
131
36 (base 12) to base 7
60
-1e (base 15) to base 3
-1002
-22 (base 9) to base 3
-202
Convert 105 (base 6) to base 8.
51
What is 13 (base 7) in base 15?
a
84 (base 15) to base 8
174
What is 3 (base 5) in base 2?
11
What is -1c (base 13) in base 15?
-1a
-12202 (base 3) to base 2
-10011011
What is 52 (base 7) in base 4?
211
Convert 4 (base 7) to base 14.
4
17 (base 10) to base 2
10001
What is -120 (base 3) in base 11?
-14
Convert 12 (base 4) to base 12.
6
What is -2 (base 12) in base 8?
-2
-13 (base 5) to base 11
-8
What is -2 (base 5) in base 15?
-2
Convert 2 (base 3) to base 10.
2
What is b5 (base 15) in base 6?
442
-27 (base 9) to base 5
-100
0 (base 8) to base 5
0
-87 (base 12) to base 4
-1213
101 (base 5) to base 7
35
10 (base 4) to base 9
4
What is -1 (base 9) in base 5?
-1
10 (base 5) to base 15
5
What is -4 (base 14) in base 2?
-100
What is 17 (base 15) in base 11?
20
What is -102 (base 4) in base 7?
-24
What is 3 (base 16) in base 15?
3
-2 (base 5) to base 10
-2
-23a (base 13) to base 12
-283
What is -14 (base 8) in base 3?
-110
Convert -1 (base 11) to base 9.
-1
Convert 26 (base 11) to base 16.
1c
Convert -31 (base 4) to base 3.
-111
12 (base 5) to base 11
7
What is -317 (base 8) in base 9?
-250
What is -9 (base 10) in base 13?
-9
Convert -4 (base 9) to base 6.
-4
Convert 39 (base 16) to base 5.
212
Convert 98 (base 13) to base 7.
236
Convert 3 (base 10) to base 5.
3
What is -39 (base 10) in base 8?
-47
cc (base 16) to base 8
314
Convert 0 (base 16) to base 15.
0
Convert -2 (base 15) to base 3.
-2
-133 (base 4) to base 12
-27
Convert -1112 (base 3) to base 6.
-105
Convert 276 (base 9) to base 4.
3213
5 (base 6) to base 8
5
Convert -4 (base 6) to base 16.
-4
What is -62 (base 12) in base 16?
-4a
84 (bas